(0).
173
Let m(g) = 99*g + 681. Give m(-7).
-12
Let r(y) = -20*y + 61. Give r(-5).
161
Let g(k) = -124*k - 937. Determine g(-7).
-69
Let y(c) = 4*c**2 - 148*c - 164. What is y(38)?
-12
Let t(f) = f**3 + 44*f**2 + 41*f + 8. Calculate t(-43).
94
Let d(n) = -n**2 - 24*n + 21. Determine d(-21).
84
Let s(l) = -l**3 - 19*l**2 + 5*l - 5. What is s(0)?
-5
Let p(y) = 2*y**3 + 142*y**2 - 125*y + 1373. What is p(-72)?
5
Let h(k) = -k**2 - 2*k + 278. What is h(-16)?
54
Let d(i) = -i**2 + 21*i - 141. Calculate d(27).
-303
Let u(j) = j**3 + 17*j**2 + 327. What is u(-18)?
3
Let s(j) = 50*j + 1715. Determine s(-35).
-35
Let v(g) = 75*g + 10. What is v(-2)?
-140
Let s(v) = 2*v**3 + 17*v**2 + 29*v + 57. Determine s(-7).
1
Let y(s) = 8746*s - 69974. What is y(8)?
-6
Let q(f) = -f**2 - 8*f + 195. What is q(-21)?
-78
Let p(a) = a**2 + 19*a + 100. Give p(11).
430
Let t(k) = 163*k + 656. Calculate t(-4).
4
Let l(o) = o**3 + 70*o**2 - 144*o - 2. Give l(-72).
-2
Let g(f) = 2*f**3 - 19*f**2 + 81*f - 645. Determine g(9).
3
Let t(n) = -2*n**3 + 19*n + 11. What is t(-4)?
63
Let b(v) = 7*v + 421. What is b(-45)?
106
Let g(j) = -2*j**3 - 3*j**2 - 6*j + 10. What is g(-2)?
26
Let p(r) = -127*r - 585. What is p(-5)?
50
Let p(a) = -64*a + 218. Determine p(4).
-38
Let a(z) = z**3 - 7*z**2 + 18*z - 7. What is a(2)?
9
Let i(h) = h**2 - 114*h + 1395. What is i(14)?
-5
Let n(r) = 249*r - 805. Determine n(3).
-58
Let c(q) = 25*q + 26. What is c(-1)?
1
Let q(l) = 3*l**3 + 4*l**2 - 32*l - 53. Give q(-2).
3
Let h(c) = -3*c**2 + 14*c + 31. Give h(-3).
-38
Let s(x) = 2787*x + 8367. Calculate s(-3).
6
Let t(r) = -r**2 + 17*r - 78. Determine t(9).
-6
Let g(c) = c**3 + 30*c**2 + 205*c + 110. Determine g(-20).
10
Let i(q) = q**3 - 18*q**2 + 21*q - 41. What is i(9)?
-581
Let y(r) = -r**3 + 2*r**2 + 13*r - 24. Give y(4).
-4
Let p(k) = 3*k**3 - 13*k**2 + 50*k - 125. What is p(3)?
-11
Let x(v) = 7*v**3 - 5*v**2 + 4*v + 12. Determine x(2).
56
Let k(i) = -71*i + 232. Determine k(0).
232
Let l(y) = 3*y**3 + 10*y**2 - 13*y - 19. Determine l(-4).
1
Let i(u) = -u**2 - 16*u - 351. Calculate i(-26).
-611
Let h(f) = -2*f**2 - 98*f - 12. Give h(-49).
-12
Let a(v) = -12*v. Determine a(1).
-12
Let k(d) = 8*d + 174. Give k(-27).
-42
Let j(g) = -39*g - 130. Calculate j(-8).
182
Let u(t) = -14*t**2 - 88*t - 143. Give u(-4).
-15
Let k(q) = q**3 - 37*q**2 - 307*q + 94. Give k(44).
138
Let t(a) = -112*a + 1125. Determine t(10).
5
Let x(l) = -l**3 - 4*l**2 + 37*l + 45. Give x(-11).
485
Let b(u) = 12*u + 52. Calculate b(-3).
16
Let u(m) = 2*m**2 + 16*m - 61. What is u(4)?
35
Let o(i) = -i**3 - 13*i**2 + 182*i - 49. What is o(8)?
63
Let c(n) = -16*n**2 - 233*n + 120. What is c(-15)?
15
Let r(a) = 5*a - 74. Give r(10).
-24
Let z(q) = 56*q - 659. What is z(12)?
13
Let p(r) = r**3 + 64*r**2 - 63*r - 4039. Calculate p(-64).
-7
Let s(q) = -4*q + 17. Calculate s(28).
-95
Let a(p) = -p**2 + 21*p - 87. What is a(14)?
11
Let a(i) = 2*i - 33. What is a(9)?
-15
Let l(y) = y**3 - 69*y**2 - 139*y - 206. Calculate l(71).
7
Let x(l) = -l**3 + 37*l**2 - 3*l + 105. Determine x(37).
-6
Let c(z) = -2*z - 33. Determine c(-8).
-17
Let g(m) = -2*m**3 - 21*m**2 - 27*m + 12. Give g(-7).
-142
Let w(c) = -367*c + 21325. Give w(58).
39
Let o(u) = -u**3 - 28*u**2 + 404*u - 971. What is o(-39)?
4
Let n(a) = -6*a**3 + 50*a**2 - 17*a + 12. Determine n(8).
4
Let p(u) = -u**3 - 28*u**2 + 46*u + 181. Give p(-29).
-312
Let k(w) = 45*w - 54. Calculate k(4).
126
Let u(m) = 36*m**2 - 5*m + 2. What is u(-2)?
156
Let m(n) = 148*n + 1232. Give m(-12).
-544
Let s(m) = 6406*m + 38399. Calculate s(-6).
-37
Let w(o) = -29*o**2 - 404*o + 24. Give w(-14).
-4
Let s(y) = 21*y**2 + 57*y + 242. Calculate s(-4).
350
Let s(w) = w**2 + 15*w - 1134. What is s(27)?
0
Let h(i) = 2*i**3 + 394*i**2 - 370*i + 5150. Determine h(-198).
2
Let k(r) = 24*r**2 - 380*r + 382. What is k(1)?
26
Let i(b) = -14*b + 356. Give i(5).
286
Let o(k) = -k**3 + 2*k**2 - 6*k - 56. Give o(-5).
149
Let f(j) = -2*j**3 + 57*j**2 - 23*j - 199. Give f(28).
-59
Let b(o) = -o**3 - 2*o**2 + 5*o + 3. Give b(-4).
15
Let c(k) = 7*k**2 - 35*k + 11. Calculate c(5).
11
Let t(b) = 147*b + 2970. Determine t(-20).
30
Let v(f) = -4*f**2 - 125*f + 375. What is v(-34)?
1
Let b(r) = -9*r**3 + 2*r**2 + 11*r + 1. What is b(-2)?
59
Let w(m) = m**3 - 13*m**2 - 27*m - 18. What is w(15)?
27
Let d(s) = s**3 - 13*s**2 + 26*s - 98. Determine d(13).
240
Let d(o) = -20*o**2 - 8*o - 35. Give d(-4).
-323
Let n(s) = 2507*s + 10025. Calculate n(-4).
-3
Let w(b) = 2*b**2 - 18*b - 20. Determine w(-1).
0
Let d(n) = n**3 - 27*n**2 + 44*n - 66. Give d(26).
402
Let z(m) = -9*m**2 + 118*m - 117. Give z(1).
-8
Let z(c) = -2*c**2 - 161*c - 1320. Give z(-70).
150
Let f(j) = 42*j - 268. Give f(10).
152
Let q(i) = 2*i**2 + 241*i - 2349. What is q(9)?
-18
Let t(q) = 5*q**2 - 37*q - 24. Determine t(7).
-38
Let t(h) = 12*h**2 + 165*h - 27. Determine t(-14).
15
Let z(f) = 2*f**3 - 6*f**2 + 13*f - 25. Calculate z(2).
-7
Let o(t) = -2*t**2 + 80*t - 71. Give o(39).
7
Let f(b) = 14639*b - 146379. Determine f(10).
11
Let q(z) = -141*z - 109. Give q(-1).
32
Let v(d) = -8*d - 77. Give v(-13).
27
Let u(j) = -441*j + 21185. Give u(48).
17
Let n(c) = 3*c**3 + 8*c**2 + 3*c - 11. Determine n(1).
3
Let l(x) = -7461*x - 44781. Give l(-6).
-15
Let p(s) = s**3 + 25*s**2 + 46*s - 149. Calculate p(-22).
291
Let w(t) = 2*t**3 + 28*t**2 + 48*t + 25. Determine w(-12).
25
Let j(q) = -q**2 + 25*q - 44. What is j(29)?
-160
Let v(r) = 3*r**2 - 73*r + 154. Calculate v(22).
0
Let s(k) = 769*k - 1648. Calculate s(2).
-110
Let m(z) = 3*z**3 - 3*z**2 - 6*z - 3. Determine m(2).
-3
Let j(u) = 4*u**3 + 59*u**2 - 20*u - 63. Calculate j(-15).
12
Let u(x) = -x**2 - 92*x + 602. Determine u(6).
14
Let a(m) = m**3 - 15*m**2 + 18*m + 142. Give a(13).
38
Let t(u) = u**3 + 17*u**2 + 13*u + 149. Calculate t(-19).
-820
Let f(v) = 3*v**2 - 609*v + 1809. Give f(3).
9
Let w(a) = 464*a + 1280. Calculate w(-3).
-112
Let v(b) = b**2 + 117*b + 3124. What is v(-35)?
254
Let y(h) = -2*h**3 + 11*h**2 + 21*h - 112. Give y(6).
-22
Let y(s) = -2*s**3 + 37*s**2 + 87*s - 1311. Give y(19).
-19
Let u(f) = f**3 + 11*f**2 - 30*f - 420. Calculate u(-9).
12
Let v(j) = -1042*j - 36476. What is v(-35)?
-6
Let y(j) = -9*j + 324. Give y(24).
108
Let n(k) = -k**2 - 405*k + 4151. Calculate n(10).
1
Let x(h) = -434*h + 3476. Give x(8).
4
Let v(g) = 6*g**2 + 368*g - 739. Calculate v(2).
21
Let z(v) = 2*v**3 - 59*v**2 - 36*v + 67. Give z(30).
-113
Let l(f) = 4*f**2 - 151*f - 155. What is l(-1)?
0
Let d(q) = 66*q - 3951. Give d(60).
9
Let w(u) = -8*u**2 + 170*u - 202. What is w(20)?
-2
Let f(z) = -2*z**2 - 41*z - 215. Give f(-13).
-20
Let w(m) = -m**2 - 8*m + 43. What is w(4)?
-5
Let s(t) = -77*t**2 - 442*t + 6. Calculate s(-6).
-114
Let u(o) = 2*o**3 + 5*o + 31. Calculate u(-4).
-117
Let m(o) = o**3 - 8*o**2 - 37*o + 28. Calculate m(11).
-16
Let n(o) = 4*o**2 - 33*o + 94. Determine n(7).
59
Let i(p) = -p**3 + 15*p**2 - 2*p - 91. Calculate i(14).
77
Let r(x) = -x**2 + 10*x + 317. Give r(-13).
18
Let j(c) = 15*c + 404. Give j(-27).
-1
Let d(p) = 1109*p + 1130. Calculate d(-1).
21
Let t(v) = -206*v - 5173. What is t(-24)?
-229
Let o(x) = -x**3 + 45*x + 13. Calculate o(7).
-15
Let t(f) = 128*f - 637. Calculate t(0).
-637
Let d(u) = -415*u - 2494. What is d(-6)?
-4
Let l(f) = f**2 + 3596*f + 57281. Calculate l(-16).
1
Let l(x) = -8*x**2 + 1126*x + 1426. Give l(142).
6
Let g(f) = -2*f**2 - 14*f + 100. Determine g(7).
-96
Let j(a) = 2*a**3 + 8*a**2 - a + 28. Give j(-5).
-17
Let k(s) = 3*s**3 + 44*s**2 + 26*s - 27. Give k(-14).
1
Let t(n) = -50*n - 1145. Determine t(-23).
5
Let n(c) = -c**3 + 6*c**2 + 35*c - 32. What is n(10)?
-82
Let l(t) = 3*t**2 + 106*t + 562. Give l(0).
562
Let y(o) = -15*o**2 + 230*o - 78. Give y(15).
-3
Let h(j) = -35*j**3 - 2*j**2 + j + 6. Give h(-2).
276
Let g(p) = -436*p + 4654. What is g(10)?
294
Let k(q) = 2*q**2 + 56*q + 190. What is k(-4)?
-2
Let r(j) = -j**3 + 6*j**2 + 10*j - 128. Give r(9).
-281
Let k(i) = i**3 + 131*i**2 - 1716*i + 5. Give k(-143).
5
Let z(l) = -6*l**2 - 295*l - 248. Calculate z(-48).
88
Let s(m) = -1377*m + 11016. What is s(8)?
0
Let z(c) = 527*c + 2627. Give z(-5).
-8
Let x(n) = n**3 + 53*n**2 + 58*n - 307. Determine x(-52).
-619
Let t(w) = -11*w**2 - 97*w + 3. What is t(